{"id":3,"date":"2023-10-11T17:49:25","date_gmt":"2023-10-11T17:49:25","guid":{"rendered":"http:\/\/enfoca2sstudios.com\/staging\/?page_id=3"},"modified":"2024-07-19T20:33:08","modified_gmt":"2024-07-19T20:33:08","slug":"politicas-de-privacidad","status":"publish","type":"page","link":"https:\/\/enfoca2sstudios.com\/staging\/politicas-de-privacidad\/","title":{"rendered":"Pol\u00edticas de Privacidad"},"content":{"rendered":"\t\t<div data-elementor-type=\"wp-page\" data-elementor-id=\"3\" class=\"elementor elementor-3\" data-elementor-settings=\"{&quot;ha_cmc_init_switcher&quot;:&quot;no&quot;}\">\n\t\t\t\t<div class=\"elementor-element elementor-element-7052335a e-flex e-con-boxed e-con e-parent\" data-id=\"7052335a\" data-element_type=\"container\" data-e-type=\"container\" data-settings=\"{&quot;background_background&quot;:&quot;classic&quot;,&quot;_ha_eqh_enable&quot;:false}\">\n\t\t\t\t\t<div class=\"e-con-inner\">\n\t\t\t\t<div class=\"elementor-element elementor-element-c873b28 elementor-widget elementor-widget-heading\" data-id=\"c873b28\" data-element_type=\"widget\" data-e-type=\"widget\" data-widget_type=\"heading.default\">\n\t\t\t\t<div class=\"elementor-widget-container\">\n\t\t\t\t\t<h2 class=\"elementor-heading-title elementor-size-default\">POL\u00cdTICAS Y CONDICIONES DE LA ENFOCA2'S STUDIOS<\/h2>\t\t\t\t<\/div>\n\t\t\t\t<\/div>\n\t\t\t\t<div class=\"elementor-element elementor-element-7b372941 elementor-widget elementor-widget-eael-adv-accordion\" data-id=\"7b372941\" data-element_type=\"widget\" data-e-type=\"widget\" data-widget_type=\"eael-adv-accordion.default\">\n\t\t\t\t<div class=\"elementor-widget-container\">\n\t\t\t\t\t            <div class=\"eael-adv-accordion\" id=\"eael-adv-accordion-7b372941\" data-scroll-on-click=\"no\" data-scroll-speed=\"300\" data-accordion-id=\"7b372941\" data-accordion-type=\"accordion\" data-toogle-speed=\"300\">\n            <div class=\"eael-accordion-list\">\n\t\t\t\t\t<div id=\"cul-es-el-precio-de-sus-servicios\" class=\"elementor-tab-title eael-accordion-header\" tabindex=\"0\" data-tab=\"1\" aria-controls=\"elementor-tab-content-2061\"><span class=\"eael-advanced-accordion-icon-closed\"><i aria-hidden=\"true\" class=\"fa-accordion-icon fas fa-plus\"><\/i><\/span><span class=\"eael-advanced-accordion-icon-opened\"><i aria-hidden=\"true\" class=\"fa-accordion-icon fas fa-minus\"><\/i><\/span><span class=\"eael-accordion-tab-title\">\u00bfCu\u00e1l es el precio de sus servicios?<\/span><\/div><div id=\"elementor-tab-content-2061\" class=\"eael-accordion-content clearfix\" data-tab=\"1\" aria-labelledby=\"cul-es-el-precio-de-sus-servicios\"><p><span style=\"font-weight: 400\">El precio var\u00eda seg\u00fan el plan escogido y el servicio que necesite.<\/span><\/p><\/div>\n\t\t\t\t\t<\/div><div class=\"eael-accordion-list\">\n\t\t\t\t\t<div id=\"cunto-tardara-la-entrega-de-sus-servicios\" class=\"elementor-tab-title eael-accordion-header\" tabindex=\"0\" data-tab=\"2\" aria-controls=\"elementor-tab-content-2062\"><span class=\"eael-advanced-accordion-icon-closed\"><i aria-hidden=\"true\" class=\"fa-accordion-icon fas fa-plus\"><\/i><\/span><span class=\"eael-advanced-accordion-icon-opened\"><i aria-hidden=\"true\" class=\"fa-accordion-icon fas fa-minus\"><\/i><\/span><span class=\"eael-accordion-tab-title\">\u00bfCu\u00e1nto tardar\u00eda la entrega de sus servicios?<\/span><\/div><div id=\"elementor-tab-content-2062\" class=\"eael-accordion-content clearfix\" data-tab=\"2\" aria-labelledby=\"cunto-tardara-la-entrega-de-sus-servicios\"><p><span style=\"font-weight: 400\">Cada proyecto es \u00fanico. El tiempo de finalizaci\u00f3n depende de la complejidad del trabajo, el presupuesto del cliente, la disponibilidad de nuestro equipo creativo, la calidad y rapidez del feedback del cliente, el n\u00famero de revisiones, etc.<\/span><\/p><p>\u00a0<\/p><p><span style=\"font-weight: 400\">Por favor, comprenda que nuestros dise\u00f1os requieren grandes dosis de creatividad, por lo que puede requerir m\u00e1s tiempo que el trabajo de otros dise\u00f1adores. Para garantizar un dise\u00f1o de m\u00e1xima calidad a un precio est\u00e1ndar, recomendamos que se ponga en contacto con nuestro equipo al menos un par de semanas antes de la fecha l\u00edmite.<\/span><\/p><\/div>\n\t\t\t\t\t<\/div><div class=\"eael-accordion-list\">\n\t\t\t\t\t<div id=\"cul-es-el-lmite-de-revisiones\" class=\"elementor-tab-title eael-accordion-header\" tabindex=\"0\" data-tab=\"3\" aria-controls=\"elementor-tab-content-2063\"><span class=\"eael-advanced-accordion-icon-closed\"><i aria-hidden=\"true\" class=\"fa-accordion-icon fas fa-plus\"><\/i><\/span><span class=\"eael-advanced-accordion-icon-opened\"><i aria-hidden=\"true\" class=\"fa-accordion-icon fas fa-minus\"><\/i><\/span><span class=\"eael-accordion-tab-title\">\u00bfCu\u00e1l es el l\u00edmite de revisiones?<\/span><\/div><div id=\"elementor-tab-content-2063\" class=\"eael-accordion-content clearfix\" data-tab=\"3\" aria-labelledby=\"cul-es-el-lmite-de-revisiones\"><p><span style=\"font-weight: 400\">Ofrecemos servicios de dise\u00f1o gr\u00e1fico Premium por lo que garantizamos plena satisfacci\u00f3n. Las revisiones ser\u00e1n las necesarias para lograr los objetivos de su marca.<\/span><\/p><p>\u00a0<\/p><p><span style=\"font-weight: 400\">Sin embargo, nuestro proceso de dise\u00f1o es secuencial. Haremos el trabajo en etapas (briefing, conceptualizaci\u00f3n, boceto y dise\u00f1o final) y haremos todas las revisiones que necesites, dentro de lo razonable. Pero, cuando se apruebe una etapa, no podemos cambiarla de nuevo. Si esto sucede, el equipo se ver\u00e1 obligado a rehacer todo desde cero y podr\u00eda aumentar el precio del servicio.<\/span><\/p><p>\u00a0<\/p><\/div>\n\t\t\t\t\t<\/div><div class=\"eael-accordion-list\">\n\t\t\t\t\t<div id=\"cmo-funciona-el-proceso\" class=\"elementor-tab-title eael-accordion-header\" tabindex=\"0\" data-tab=\"4\" aria-controls=\"elementor-tab-content-2064\"><span class=\"eael-advanced-accordion-icon-closed\"><i aria-hidden=\"true\" class=\"fa-accordion-icon fas fa-plus\"><\/i><\/span><span class=\"eael-advanced-accordion-icon-opened\"><i aria-hidden=\"true\" class=\"fa-accordion-icon fas fa-minus\"><\/i><\/span><span class=\"eael-accordion-tab-title\">\u00bfC\u00f3mo funciona el proceso?<\/span><\/div><div id=\"elementor-tab-content-2064\" class=\"eael-accordion-content clearfix\" data-tab=\"4\" aria-labelledby=\"cmo-funciona-el-proceso\"><p><span style=\"font-weight: 400\">Nuestro proceso de dise\u00f1o es informal, flexible y abierto a la participaci\u00f3n del cliente:<\/span><\/p><ul><li style=\"font-weight: 400\"><span style=\"font-weight: 400\">Cu\u00e9ntanos tus necesidades y acordaremos los t\u00e9rminos.<\/span><\/li><li style=\"font-weight: 400\"><span style=\"font-weight: 400\">El cliente env\u00eda un pago inicial del 50%.<\/span><\/li><li style=\"font-weight: 400\"><span style=\"font-weight: 400\">Resumen del proyecto: Un formulario con preguntas clave que rellena el cliente.<\/span><\/li><li style=\"font-weight: 400\"><span style=\"font-weight: 400\">Conceptualizaci\u00f3n: Es el trabajo en los primeros bocetos.<\/span><\/li><li style=\"font-weight: 400\"><span style=\"font-weight: 400\">Formalizaci\u00f3n: Los bocetos se pulen en base al feedback del cliente.<\/span><\/li><li style=\"font-weight: 400\"><span style=\"font-weight: 400\">Pago final y entrega de archivos.<\/span><\/li><\/ul><\/div>\n\t\t\t\t\t<\/div><div class=\"eael-accordion-list\">\n\t\t\t\t\t<div id=\"qu-pasa-si-no-me-gusta-el-diseo\" class=\"elementor-tab-title eael-accordion-header\" tabindex=\"0\" data-tab=\"5\" aria-controls=\"elementor-tab-content-2065\"><span class=\"eael-advanced-accordion-icon-closed\"><i aria-hidden=\"true\" class=\"fa-accordion-icon fas fa-plus\"><\/i><\/span><span class=\"eael-advanced-accordion-icon-opened\"><i aria-hidden=\"true\" class=\"fa-accordion-icon fas fa-minus\"><\/i><\/span><span class=\"eael-accordion-tab-title\">\u00bfQu\u00e9 pasa si no me gusta el dise\u00f1o?<\/span><\/div><div id=\"elementor-tab-content-2065\" class=\"eael-accordion-content clearfix\" data-tab=\"5\" aria-labelledby=\"qu-pasa-si-no-me-gusta-el-diseo\"><p><span style=\"font-weight: 400\">Si no podemos ofrecer la perfecci\u00f3n, cobramos s\u00f3lo por el trabajo aprobado, por lo que hasta que apruebes el boceto preliminar, eres elegible para un reembolso completo.<\/span><\/p><\/div>\n\t\t\t\t\t<\/div><div class=\"eael-accordion-list\">\n\t\t\t\t\t<div id=\"en-qu-formato-ser-entregado-mi-diseo\" class=\"elementor-tab-title eael-accordion-header\" tabindex=\"0\" data-tab=\"6\" aria-controls=\"elementor-tab-content-2066\"><span class=\"eael-advanced-accordion-icon-closed\"><i aria-hidden=\"true\" class=\"fa-accordion-icon fas fa-plus\"><\/i><\/span><span class=\"eael-advanced-accordion-icon-opened\"><i aria-hidden=\"true\" class=\"fa-accordion-icon fas fa-minus\"><\/i><\/span><span class=\"eael-accordion-tab-title\">\u00bfEn qu\u00e9 formato ser\u00e1 entregado mi dise\u00f1o?<\/span><\/div><div id=\"elementor-tab-content-2066\" class=\"eael-accordion-content clearfix\" data-tab=\"6\" aria-labelledby=\"en-qu-formato-ser-entregado-mi-diseo\">Lorem fistrum me cago en tus muelas se calle ust\u00e9e de la pradera me cago en tus muelas apetecan al ataquerl al ataquerl. Est\u00e1 la cosa muy malar a wan fistro apetecan sexuarl. No puedor apetecan por la gloria de mi madre te voy a borrar el cerito no te digo trigo por no llamarte Rodrigor va ust\u00e9 muy cargadoo a wan ahorarr.<\/div>\n\t\t\t\t\t<\/div><\/div>\t\t\t\t<\/div>\n\t\t\t\t<\/div>\n\t\t\t\t\t<\/div>\n\t\t\t\t<\/div>\n\t\t\t\t<\/div>\n\t\t","protected":false},"excerpt":{"rendered":"<p>POL\u00cdTICAS Y CONDICIONES DE LA ENFOCA2&#8217;S STUDIOS \u00bfCu\u00e1l es el precio de sus servicios? El precio var\u00eda seg\u00fan el plan escogido y el servicio que necesite. \u00bfCu\u00e1nto tardar\u00eda la entrega de sus servicios? Cada proyecto es \u00fanico. El tiempo de finalizaci\u00f3n depende de la complejidad del trabajo, el presupuesto del cliente, la disponibilidad de nuestro [&hellip;]<\/p>\n","protected":false},"author":1,"featured_media":0,"parent":0,"menu_order":18,"comment_status":"closed","ping_status":"closed","template":"","meta":{"site-sidebar-layout":"no-sidebar","site-content-layout":"","ast-site-content-layout":"full-width-container","site-content-style":"unboxed","site-sidebar-style":"unboxed","ast-global-header-display":"disabled","ast-banner-title-visibility":"disabled","ast-main-header-display":"","ast-hfb-above-header-display":"","ast-hfb-below-header-display":"","ast-hfb-mobile-header-display":"","site-post-title":"disabled","ast-breadcrumbs-content":"","ast-featured-img":"","footer-sml-layout":"disabled","ast-disable-related-posts":"","theme-transparent-header-meta":"","adv-header-id-meta":"","stick-header-meta":"","header-above-stick-meta":"","header-main-stick-meta":"","header-below-stick-meta":"","astra-migrate-meta-layouts":"default","ast-page-background-enabled":"default","ast-page-background-meta":{"desktop":{"background-color":"var(--ast-global-color-4)","background-image":"","background-repeat":"repeat","background-position":"center center","background-size":"auto","background-attachment":"scroll","background-type":"","background-media":"","overlay-type":"","overlay-color":"","overlay-opacity":"","overlay-gradient":""},"tablet":{"background-color":"","background-image":"","background-repeat":"repeat","background-position":"center center","background-size":"auto","background-attachment":"scroll","background-type":"","background-media":"","overlay-type":"","overlay-color":"","overlay-opacity":"","overlay-gradient":""},"mobile":{"background-color":"","background-image":"","background-repeat":"repeat","background-position":"center center","background-size":"auto","background-attachment":"scroll","background-type":"","background-media":"","overlay-type":"","overlay-color":"","overlay-opacity":"","overlay-gradient":""}},"ast-content-background-meta":{"desktop":{"background-color":"var(--ast-global-color-5)","background-image":"","background-repeat":"repeat","background-position":"center center","background-size":"auto","background-attachment":"scroll","background-type":"","background-media":"","overlay-type":"","overlay-color":"","overlay-opacity":"","overlay-gradient":""},"tablet":{"background-color":"var(--ast-global-color-5)","background-image":"","background-repeat":"repeat","background-position":"center center","background-size":"auto","background-attachment":"scroll","background-type":"","background-media":"","overlay-type":"","overlay-color":"","overlay-opacity":"","overlay-gradient":""},"mobile":{"background-color":"var(--ast-global-color-5)","background-image":"","background-repeat":"repeat","background-position":"center center","background-size":"auto","background-attachment":"scroll","background-type":"","background-media":"","overlay-type":"","overlay-color":"","overlay-opacity":"","overlay-gradient":""}},"footnotes":""},"class_list":["post-3","page","type-page","status-publish","hentry"],"_links":{"self":[{"href":"https:\/\/enfoca2sstudios.com\/staging\/wp-json\/wp\/v2\/pages\/3","targetHints":{"allow":["GET"]}}],"collection":[{"href":"https:\/\/enfoca2sstudios.com\/staging\/wp-json\/wp\/v2\/pages"}],"about":[{"href":"https:\/\/enfoca2sstudios.com\/staging\/wp-json\/wp\/v2\/types\/page"}],"author":[{"embeddable":true,"href":"https:\/\/enfoca2sstudios.com\/staging\/wp-json\/wp\/v2\/users\/1"}],"replies":[{"embeddable":true,"href":"https:\/\/enfoca2sstudios.com\/staging\/wp-json\/wp\/v2\/comments?post=3"}],"version-history":[{"count":14,"href":"https:\/\/enfoca2sstudios.com\/staging\/wp-json\/wp\/v2\/pages\/3\/revisions"}],"predecessor-version":[{"id":6105,"href":"https:\/\/enfoca2sstudios.com\/staging\/wp-json\/wp\/v2\/pages\/3\/revisions\/6105"}],"wp:attachment":[{"href":"https:\/\/enfoca2sstudios.com\/staging\/wp-json\/wp\/v2\/media?parent=3"}],"curies":[{"name":"wp","href":"https:\/\/api.w.org\/{rel}","templated":true}]}}